ultiple of 228?
False
Is 2072942508 a multiple of 273?
True
Does 139 divide 49666924?
True
Does 521 divide 39382911?
True
Is 1784744598 a multiple of 26?
True
Is 1491 a factor of 87427767?
True
Is 374 a factor of 441978614?
True
Is 402257235 a multiple of 69?
True
Is 113032488 a multiple of 46?
True
Is 60318930 a multiple of 18?
False
Does 47 divide 7248572?
False
Is 2216565 a multiple of 421?
True
Is 15 a factor of 310090815?
True
Is 700 a factor of 822904980?
False
Does 19 divide 23646982?
True
Does 464 divide 1331216?
True
Does 5788 divide 720438148?
True
Is 22 a factor of 592321790?
False
Does 18 divide 1116?
True
Does 1207 divide 2355198581?
True
Does 123 divide 1179889613?
False
Is 19 a factor of 332825641?
True
Is 28808570 a multiple of 343?
True
Is 736318487 a multiple of 61?
False
Is 15 a factor of 66929775?
True
Is 1804 a factor of 303309547?
False
Is 570946124 a multiple of 266?
True
Is 85 a factor of 11913515?
True
Does 42 divide 372589946?
False
Does 1082 divide 944269920?
False
Is 14568767 a multiple of 115?
False
Is 2429 a factor of 118806826?
False
Is 18 a factor of 31056647?
False
Is 178115196 a multiple of 7?
True
Is 1263 a factor of 22931028?
True
Is 3285015405 a multiple of 471?
True
Is 198260541 a multiple of 999?
True
Is 19001864 a multiple of 28?
True
Is 93 a factor of 15181120?
False
Does 4 divide 4413517?
False
Does 224 divide 133507136?
True
Is 243914747 a multiple of 6?
False
Is 53782335 a multiple of 1293?
True
Is 452 a factor of 22524064?
True
Is 12 a factor of 181009272?
True
Is 111 a factor of 1141523436?
False
Is 488 a factor of 40078464?
True
Is 1034712192 a multiple of 388?
True
Is 54 a factor of 3312834806?
False
Is 3572527 a multiple of 2?
False
Is 2010 a factor of 434493470?
False
Is 117403943 a multiple of 33?
False
Is 401735752 a multiple of 2684?
True
Is 8 a factor of 19552024?
True
Is 6 a factor of 912324?
True
Is 249876042 a multiple of 39?
True
Does 1160 divide 3868248301?
False
Is 404 a factor of 89597100?
True
Is 36 a factor of 57338262?
False
Does 4161 divide 106117983?
True
Is 13787712 a multiple of 948?
True
Is 9867424 a multiple of 116?
True
Does 111 divide 567124863?
True
Is 5358095 a multiple of 4?
False
Is 21593965 a multiple of 462?
False
Is 2354282375 a multiple of 71?
False
Is 1927344 a multiple of 48?
True
Does 3 divide 7494265?
False
Does 45 divide 685281600?
True
Is 28 a factor of 51456602?
False
Is 13713492 a multiple of 442?
True
Is 258441180 a multiple of 43?
True
Is 5 a factor of 14853983?
False
Is 133844859 a multiple of 867?
True
Is 48 a factor of 104818224?
True
Is 47625269 a multiple of 3?
False
Is 217469974 a multiple of 63?
False
Does 29 divide 2962785725?
True
Is 1915234667 a multiple of 181?
True
Is 74 a factor of 29492700?
True
Is 29 a factor of 169145743?
False
Does 3624 divide 23806523?
False
Is 120625038 a multiple of 1220?
False
Is 28 a factor of 799550500?
True
Does 6 divide 26925816?
True
Is 10207668 a multiple of 65?
False
Is 11532715 a multiple of 303?
False
Does 38 divide 417256646?
False
Is 824 a factor of 87455240?
True
Does 17 divide 45368495?
True
Is 1577 a factor of 3733307796?
True
Is 106208765 a multiple of 26?
False
Is 245 a factor of 46546325?
True
Is 145 a factor of 432540075?
True
Is 10 a factor of 6273665?
False
Does 4 divide 2577796?
True
Does 27 divide 1016096400?
True
Is 56 a factor of 29214360?
True
Is 10 a factor of 14957698?
False
Is 62583281 a multiple of 331?
False
Is 44396286 a multiple of 6?
True
Is 486 a factor of 82234797?
False
Is 26652942 a multiple of 133?
False
Is 273445326 a multiple of 1494?
True
Is 14131266 a multiple of 13?
False
Is 69753946 a multiple of 2250?
False
Is 697 a factor of 355470?
True
Is 62486183 a multiple of 258?
False
Does 591 divide 4011708?
True
Is 411984625 a multiple of 325?
True
Does 11 divide 6756898?
False
Is 207 a factor of 4961997?
True
Is 128 a factor of 102765523?
False
Is 1974 a factor of 48080718?
True
Does 8 divide 349930627?
False
Is 189469504 a multiple of 8?
True
Does 1341 divide 68457361?
False
Is 6000 a factor of 1881426000?
True
Is 204 a factor of 2018142343?
False
Is 82 a factor of 1310489758?
False
Is 37 a factor of 19793706?
False
Does 34 divide 276674549?
False
Does 12 divide 327680583?
False
Is 17 a factor of 9525078?
False
Is 23750856 a multiple of 8?
True
Is 2240947177 a multiple of 586?
False
Is 59330438 a multiple of 301?
False
Is 62 a factor of 18251002?
True
Is 97 a factor of 3014601890?
True
Is 1627 a factor of 989380542?
False
Does 13 divide 39687466?
True
Is 14 a factor of 67828669?
False
Does 13 divide 398906597?
False
Is 94529160 a multiple of 1080?
True
Does 12 divide 17456749?
False
Does 8 divide 275385615?
False
Is 3374 a factor of 8333780?
True
Is 45540783 a multiple of 251?
False
Is 176 a factor of 9447983?
False
Does 10 divide 372468700?
True
Does 3596 divide 146945140?
False
Is 16 a factor of 5612302?
False
Is 63 a factor of 760521?
False
Is 15722963 a multiple of 1009?
False
Is 5505 a factor of 3147615741?
False
Does 116 divide 77636747?
False
Is 802556421 a multiple of 2573?
False
Is 8 a factor of 24128945?
False
Is 371322645 a multiple of 10?
False
Is 125034712 a multiple of 11?
True
Does 9 divide 8994267?
True
Is 571 a factor of 533143842?
True
Is 14 a factor of 9048816?
True
Is 515 a factor of 33951375?
True
Does 295 divide 15725565?
True
Is 1079116318 a multiple of 18?
False
Is 37942833 a multiple of 129?
False
Does 712 divide 789746128?
True
Is 34 a factor of 95566837?
False
Is 2 a factor of 10187416?
True
Does 2331 divide 143534475?
False
Is 182198088 a multiple of 207?
True
Is 4286839816 a multiple of 136?
True
Is 65932515 a multiple of 145?
True
Is 1960 a factor of 12473440?
True
Is 8 a factor of 275916718?
False
Does 215 divide 131423480?
True
Is 3445652310 a multiple of 9355?
True
Is 6 a factor of 53325138?
True
Does 133 divide 672566817?
False
Is 14 a factor of 291137476?
True
Is 65124831 a multiple of 95?
False
Does 2 divide 248516785?
False
Is 196230438 a multiple of 58?
False
Is 6 a factor of 53413940?
False
Is 166621134 a multiple of 3778?
True
Does 11 divide 46294373?
False
Is 10 a factor of 136381449?
False
Does 238 divide 105396758?
False
Is 19 a factor of 12622802?
True
Is 20 a factor of 517080091?
False
Is 9 a factor of 223372323?
True
Does 659 divide 699126986?
False
Is 804698800 a multiple of 128?
False
Is 99848280 a multiple of 490?
True
Does 187 divide 60995136?
False
Does 1763 divide 32609550?
False
Is 37394476 a multiple of 10?
False
Does 180 divide 8490375?
False
Is 7762353 a multiple of 66?
False
Is 653309580 a multiple of 22?
True
Does 328 divide 256219343?
False
Is 272198997 a multiple of 133?
True
Is 497 a factor of 48681150?
True
Does 207 divide 32270631?
False
Is 7 a factor of 16050586?
False
Is 41 a factor of 15661215?
False
Is 43649853 a multiple of 13?
True
Is 338 a factor of 996360520?
False
Is 48 a factor of 52215107?
False
Is 3712685893 a multiple of 8?
False
Is 13 a factor of 21997300?
True
Is 158579237 a multiple of 1033?
False
Is 56956797 a multiple of 3?
True
Does 176 divide 5666014640?
True
Is 22547398 a multiple of 5?
False
Does 127 divide 14846901?
False
Is 208 a factor of 719183712?
True
Is 100 a factor of 242940700?
True
Is 482033083 a multiple of 68?
False
Is 2039541 a multiple of 29?
True
Is 24728979 a multiple of 23?
True
Is 1432 a factor of 1074402392?
True
Does 204 divide 69501984?
True
Does 2998 divide 46738966?
False
Is 1006455825 a multiple of 228?
False
Is 11 a factor of 402795228?
True
Does 1288 divide 832510319?
False
Is 2458 a factor of 96792866?
False
Is 5544 a factor of 508397321?
False
Does 346 divide 503407164?
True
Is 355 a factor of 45972427?
False
Is 572 a factor of 10513160?
False
Does 732 divide 200856512?
False
Is 44 a factor of 1879349868?
True
Is 138 a factor of 2139490619?
False
Is 44 a factor of 93327828?
True
Is 16 a factor of 127967324?
False
Is 52 a factor of 4280532?
False
Is 25 a factor of 2749275?
True
Is 828 a factor of 1731287556?
True
Is 37 a factor of 22778625?
False
Is 7677935 even?
False
Is 86836124 a multiple of 205?
False
Does 70 divide 65572640?
True
Is 37 a factor of 3558253?
True
Is 857 a factor of 46445115?
True
Is 69 a factor of 43322064?
True
Is 30 a factor of 37982425?
False